{"id":1083,"date":"2021-10-25T22:40:04","date_gmt":"2021-10-26T01:40:04","guid":{"rendered":"https:\/\/isfd80-bue.infd.edu.ar\/sitio\/?page_id=1083"},"modified":"2023-10-19T13:42:30","modified_gmt":"2023-10-19T16:42:30","slug":"cipe","status":"publish","type":"page","link":"https:\/\/isfd80-bue.infd.edu.ar\/sitio\/cipe\/","title":{"rendered":"CIPE"},"content":{"rendered":"\n<p class=\"has-cyan-bluish-gray-background-color has-background\" style=\"font-size:25px\"><strong>Coordinadora Institucional de Pol\u00edticas Estudiantiles<\/strong><\/p>\n\n\n\n<p class=\"has-text-align-left has-luminous-vivid-orange-color has-text-color has-medium-font-size\"><strong>CIPE Valentina Ferrero<\/strong><\/p>\n\n\n<div class=\"wp-block-image\">\n<figure class=\"alignleft size-large is-resized\"><img decoding=\"async\" loading=\"lazy\" src=\"https:\/\/isfd80-bue.infd.edu.ar\/sitio\/wp-content\/uploads\/2022\/06\/CIPE-VALEN.jpeg\" alt=\"\" class=\"wp-image-1397\" width=\"213\" height=\"394\" srcset=\"https:\/\/isfd80-bue.infd.edu.ar\/sitio\/wp-content\/uploads\/2022\/06\/CIPE-VALEN.jpeg 639w, https:\/\/isfd80-bue.infd.edu.ar\/sitio\/wp-content\/uploads\/2022\/06\/CIPE-VALEN-540x1000.jpeg 540w\" sizes=\"(max-width: 213px) 100vw, 213px\" \/><figcaption class=\"wp-element-caption\">Valentina<\/figcaption><\/figure><\/div>\n\n\n<p>Coordinadora Institucional de Pol\u00edticas Estudiantiles<\/p>\n\n\n\n<p>Valentina Ferrero<\/p>\n\n\n\n<p>Psicopedagoga<\/p>\n\n\n\n<p>Egresada del Instituto 80<\/p>\n\n\n\n<p><strong>CONTACTO<\/strong>: cipeinst80@gmail.com<\/p>\n\n\n\n<p><strong>HORARIOS<\/strong>: <\/p>\n\n\n\n<div class=\"wp-block-columns is-layout-flex wp-container-2\">\n<div class=\"wp-block-column is-layout-flow\" style=\"flex-basis:100%\">\n<ul>\n<li>Lunes 17.30 a 19.30 horas <\/li>\n\n\n\n<li> jueves 13.30 a 15.30 horas<\/li>\n<\/ul>\n<\/div>\n<\/div>\n\n\n\n<p class=\"has-text-align-center has-luminous-vivid-orange-color has-text-color\"><em>\u00a1ANTE CUALQUIER INQUIETUD, NO DUDES EN ESCRIBIRME!<\/em><\/p>\n\n\n\n<p><\/p>\n\n\n\n<p><\/p>\n\n\n\n<p>La tarea de la CIPE se inscribe en las siguientes<span class=\"has-inline-color has-vivid-red-color\"> <strong>l\u00edneas de trabajo<\/strong><\/span> del \u00e1rea de Desarrollo Estudiantil de la Direcci\u00f3n de Formaci\u00f3n Docente Inicial de la Provincia de Buenos Aires:<\/p>\n\n\n\n<ul>\n<li><strong>Fortalecimiento de las trayectorias estudiantiles:<\/strong> implica desarrollar dispositivos de acompa\u00f1amiento a las y los estudiantes, espacios de escucha de sus necesidades, entre otros.<\/li>\n\n\n\n<li><strong>Participaci\u00f3n estudiantil: <\/strong>implica colaborar con los estudiantes para que logren tener una participaci\u00f3n activa en la vida institucional buscando procesos de democratizaci\u00f3n.<\/li>\n\n\n\n<li><strong>Experiencias culturales<\/strong>: acompa\u00f1ar el desarrollo de propuestas que habiliten a ampliar las visiones del mundo que habitamos alentando la participaci\u00f3n como protagonistas de la cultura en diversos tipos de actividades y experiencias culturales institucionales y comunitarias. <\/li>\n<\/ul>\n\n\n\n<p>Otra tarea del CIPE se vincula al acompa\u00f1amiento a estudiantes en tiempos de postulaci\u00f3n y acreditaci\u00f3n de<strong> becas<\/strong>. <\/p>\n\n\n\n<p class=\"has-cyan-bluish-gray-background-color has-background has-medium-font-size\"><strong>Participaci\u00f3n Estudiantil<\/strong><\/p>\n\n\n\n<div class=\"wp-block-media-text alignwide is-stacked-on-mobile\"><figure class=\"wp-block-media-text__media\"><img decoding=\"async\" loading=\"lazy\" width=\"1080\" height=\"1080\" src=\"https:\/\/isfd80-bue.infd.edu.ar\/sitio\/wp-content\/uploads\/2022\/08\/Elecciones-de-delegados-_CIPE-1.jpg\" alt=\"\" class=\"wp-image-1414 size-full\" srcset=\"https:\/\/isfd80-bue.infd.edu.ar\/sitio\/wp-content\/uploads\/2022\/08\/Elecciones-de-delegados-_CIPE-1.jpg 1080w, https:\/\/isfd80-bue.infd.edu.ar\/sitio\/wp-content\/uploads\/2022\/08\/Elecciones-de-delegados-_CIPE-1-1000x1000.jpg 1000w, https:\/\/isfd80-bue.infd.edu.ar\/sitio\/wp-content\/uploads\/2022\/08\/Elecciones-de-delegados-_CIPE-1-500x500.jpg 500w, https:\/\/isfd80-bue.infd.edu.ar\/sitio\/wp-content\/uploads\/2022\/08\/Elecciones-de-delegados-_CIPE-1-768x768.jpg 768w\" sizes=\"(max-width: 1080px) 100vw, 1080px\" \/><\/figure><div class=\"wp-block-media-text__content\">\n<p class=\"has-text-align-center has-medium-font-size\"><em>\u00a1Por una activa participaci\u00f3n de todas y todos los estudiantes!<\/em><\/p>\n<\/div><\/div>\n\n\n\n<p class=\"has-cyan-bluish-gray-background-color has-background has-medium-font-size\"><strong>Propuesta de Fortalecimiento a las trayectorias estudiantiles<\/strong><\/p>\n\n\n\n<div class=\"wp-block-media-text alignwide is-stacked-on-mobile\"><figure class=\"wp-block-media-text__media\"><img decoding=\"async\" loading=\"lazy\" width=\"1080\" height=\"1080\" src=\"https:\/\/isfd80-bue.infd.edu.ar\/sitio\/wp-content\/uploads\/2022\/07\/CIPE-_-tutorias-finales.jpg\" alt=\"\" class=\"wp-image-1410 size-full\" srcset=\"https:\/\/isfd80-bue.infd.edu.ar\/sitio\/wp-content\/uploads\/2022\/07\/CIPE-_-tutorias-finales.jpg 1080w, https:\/\/isfd80-bue.infd.edu.ar\/sitio\/wp-content\/uploads\/2022\/07\/CIPE-_-tutorias-finales-1000x1000.jpg 1000w, https:\/\/isfd80-bue.infd.edu.ar\/sitio\/wp-content\/uploads\/2022\/07\/CIPE-_-tutorias-finales-500x500.jpg 500w, https:\/\/isfd80-bue.infd.edu.ar\/sitio\/wp-content\/uploads\/2022\/07\/CIPE-_-tutorias-finales-768x768.jpg 768w\" sizes=\"(max-width: 1080px) 100vw, 1080px\" \/><\/figure><div class=\"wp-block-media-text__content\">\n<p class=\"has-text-align-center has-large-font-size\"><em>\u00a1Te esperamos!<\/em><\/p>\n\n\n\n<p>Env\u00eda un correo a cipeinst80@gmail.com y te enviamos m\u00e1s informaci\u00f3n sobre la propuesta<\/p>\n\n\n\n<p><\/p>\n<\/div><\/div>\n","protected":false},"excerpt":{"rendered":"<p>Coordinadora Institucional de Pol\u00edticas Estudiantiles CIPE Valentina Ferrero Coordinadora Institucional de Pol\u00edticas Estudiantiles Valentina Ferrero Psicopedagoga Egresada del Instituto 80 CONTACTO: cipeinst80@gmail.com HORARIOS: \u00a1ANTE CUALQUIER INQUIETUD, NO DUDES EN ESCRIBIRME! La tarea de la CIPE se inscribe en las siguientes l\u00edneas de trabajo del \u00e1rea de Desarrollo Estudiantil de la Direcci\u00f3n de Formaci\u00f3n Docente Inicial &#8230; <a title=\"CIPE\" class=\"read-more\" href=\"https:\/\/isfd80-bue.infd.edu.ar\/sitio\/cipe\/\" aria-label=\"More on CIPE\">[+]<\/a><\/p>\n","protected":false},"author":122,"featured_media":0,"parent":0,"menu_order":0,"comment_status":"closed","ping_status":"closed","template":"","meta":[],"acf":[],"_links":{"self":[{"href":"https:\/\/isfd80-bue.infd.edu.ar\/sitio\/wp-json\/wp\/v2\/pages\/1083"}],"collection":[{"href":"https:\/\/isfd80-bue.infd.edu.ar\/sitio\/wp-json\/wp\/v2\/pages"}],"about":[{"href":"https:\/\/isfd80-bue.infd.edu.ar\/sitio\/wp-json\/wp\/v2\/types\/page"}],"author":[{"embeddable":true,"href":"https:\/\/isfd80-bue.infd.edu.ar\/sitio\/wp-json\/wp\/v2\/users\/122"}],"replies":[{"embeddable":true,"href":"https:\/\/isfd80-bue.infd.edu.ar\/sitio\/wp-json\/wp\/v2\/comments?post=1083"}],"version-history":[{"count":16,"href":"https:\/\/isfd80-bue.infd.edu.ar\/sitio\/wp-json\/wp\/v2\/pages\/1083\/revisions"}],"predecessor-version":[{"id":1618,"href":"https:\/\/isfd80-bue.infd.edu.ar\/sitio\/wp-json\/wp\/v2\/pages\/1083\/revisions\/1618"}],"wp:attachment":[{"href":"https:\/\/isfd80-bue.infd.edu.ar\/sitio\/wp-json\/wp\/v2\/media?parent=1083"}],"curies":[{"name":"wp","href":"https:\/\/api.w.org\/{rel}","templated":true}]}}

<p class="has-cyan-bluish-gray-background-color has-background" style="font-size:25px"><strong>Coordinadora Institucional de Políticas Estudiantiles</strong></p>



<p class="has-text-align-left has-luminous-vivid-orange-color has-text-color has-medium-font-size"><strong>CIPE Valentina Ferrero</strong></p>


<div class="wp-block-image">
<figure class="alignleft size-large is-resized"><img decoding="async" loading="lazy" src="https://isfd80-bue.infd.edu.ar/sitio/wp-content/uploads/2022/06/CIPE-VALEN.jpeg" alt="" class="wp-image-1397" width="213" height="394" srcset="https://isfd80-bue.infd.edu.ar/sitio/wp-content/uploads/2022/06/CIPE-VALEN.jpeg 639w, https://isfd80-bue.infd.edu.ar/sitio/wp-content/uploads/2022/06/CIPE-VALEN-540x1000.jpeg 540w" sizes="(max-width: 213px) 100vw, 213px" /><figcaption class="wp-element-caption">Valentina</figcaption></figure></div>


<p>Coordinadora Institucional de Políticas Estudiantiles</p>



<p>Valentina Ferrero</p>



<p>Psicopedagoga</p>



<p>Egresada del Instituto 80</p>



<p><strong>CONTACTO</strong>: cipeinst80@gmail.com</p>



<p><strong>HORARIOS</strong>: </p>



<div class="wp-block-columns is-layout-flex wp-container-2">
<div class="wp-block-column is-layout-flow" style="flex-basis:100%">
<ul>
<li>Lunes 17.30 a 19.30 horas </li>



<li> jueves 13.30 a 15.30 horas</li>
</ul>
</div>
</div>



<p class="has-text-align-center has-luminous-vivid-orange-color has-text-color"><em>¡ANTE CUALQUIER INQUIETUD, NO DUDES EN ESCRIBIRME!</em></p>



<p></p>



<p></p>



<p>La tarea de la CIPE se inscribe en las siguientes<span class="has-inline-color has-vivid-red-color"> <strong>líneas de trabajo</strong></span> del área de Desarrollo Estudiantil de la Dirección de Formación Docente Inicial de la Provincia de Buenos Aires:</p>



<ul>
<li><strong>Fortalecimiento de las trayectorias estudiantiles:</strong> implica desarrollar dispositivos de acompañamiento a las y los estudiantes, espacios de escucha de sus necesidades, entre otros.</li>



<li><strong>Participación estudiantil: </strong>implica colaborar con los estudiantes para que logren tener una participación activa en la vida institucional buscando procesos de democratización.</li>



<li><strong>Experiencias culturales</strong>: acompañar el desarrollo de propuestas que habiliten a ampliar las visiones del mundo que habitamos alentando la participación como protagonistas de la cultura en diversos tipos de actividades y experiencias culturales institucionales y comunitarias. </li>
</ul>



<p>Otra tarea del CIPE se vincula al acompañamiento a estudiantes en tiempos de postulación y acreditación de<strong> becas</strong>. </p>



<p class="has-cyan-bluish-gray-background-color has-background has-medium-font-size"><strong>Participación Estudiantil</strong></p>



<div class="wp-block-media-text alignwide is-stacked-on-mobile"><figure class="wp-block-media-text__media"><img decoding="async" loading="lazy" width="1080" height="1080" src="https://isfd80-bue.infd.edu.ar/sitio/wp-content/uploads/2022/08/Elecciones-de-delegados-_CIPE-1.jpg" alt="" class="wp-image-1414 size-full" srcset="https://isfd80-bue.infd.edu.ar/sitio/wp-content/uploads/2022/08/Elecciones-de-delegados-_CIPE-1.jpg 1080w, https://isfd80-bue.infd.edu.ar/sitio/wp-content/uploads/2022/08/Elecciones-de-delegados-_CIPE-1-1000x1000.jpg 1000w, https://isfd80-bue.infd.edu.ar/sitio/wp-content/uploads/2022/08/Elecciones-de-delegados-_CIPE-1-500x500.jpg 500w, https://isfd80-bue.infd.edu.ar/sitio/wp-content/uploads/2022/08/Elecciones-de-delegados-_CIPE-1-768x768.jpg 768w" sizes="(max-width: 1080px) 100vw, 1080px" /></figure><div class="wp-block-media-text__content">
<p class="has-text-align-center has-medium-font-size"><em>¡Por una activa participación de todas y todos los estudiantes!</em></p>
</div></div>



<p class="has-cyan-bluish-gray-background-color has-background has-medium-font-size"><strong>Propuesta de Fortalecimiento a las trayectorias estudiantiles</strong></p>



<div class="wp-block-media-text alignwide is-stacked-on-mobile"><figure class="wp-block-media-text__media"><img decoding="async" loading="lazy" width="1080" height="1080" src="https://isfd80-bue.infd.edu.ar/sitio/wp-content/uploads/2022/07/CIPE-_-tutorias-finales.jpg" alt="" class="wp-image-1410 size-full" srcset="https://isfd80-bue.infd.edu.ar/sitio/wp-content/uploads/2022/07/CIPE-_-tutorias-finales.jpg 1080w, https://isfd80-bue.infd.edu.ar/sitio/wp-content/uploads/2022/07/CIPE-_-tutorias-finales-1000x1000.jpg 1000w, https://isfd80-bue.infd.edu.ar/sitio/wp-content/uploads/2022/07/CIPE-_-tutorias-finales-500x500.jpg 500w, https://isfd80-bue.infd.edu.ar/sitio/wp-content/uploads/2022/07/CIPE-_-tutorias-finales-768x768.jpg 768w" sizes="(max-width: 1080px) 100vw, 1080px" /></figure><div class="wp-block-media-text__content">
<p class="has-text-align-center has-large-font-size"><em>¡Te esperamos!</em></p>



<p>Envía un correo a cipeinst80@gmail.com y te enviamos más información sobre la propuesta</p>



<p></p>
</div></div>

<p>Coordinadora Institucional de Políticas Estudiantiles CIPE Valentina Ferrero Coordinadora Institucional de Políticas Estudiantiles Valentina Ferrero Psicopedagoga Egresada del Instituto 80 CONTACTO: cipeinst80@gmail.com HORARIOS: ¡ANTE CUALQUIER INQUIETUD, NO DUDES EN ESCRIBIRME! La tarea de la CIPE se inscribe en las siguientes líneas de trabajo del área de Desarrollo Estudiantil de la Dirección de Formación Docente Inicial &#8230; <a title="CIPE" class="read-more" href="https://isfd80-bue.infd.edu.ar/sitio/cipe/" aria-label="More on CIPE">[+]</a></p>
