{"id":1631,"date":"2023-12-06T17:24:25","date_gmt":"2023-12-06T20:24:25","guid":{"rendered":"https:\/\/isfd80-bue.infd.edu.ar\/sitio\/?page_id=1631"},"modified":"2026-02-19T15:58:20","modified_gmt":"2026-02-19T18:58:20","slug":"profesorado-en-ciencia-politica","status":"publish","type":"page","link":"https:\/\/isfd80-bue.infd.edu.ar\/sitio\/profesorado-en-ciencia-politica\/","title":{"rendered":"Profesorado en Ciencia Pol\u00edtica"},"content":{"rendered":"\n<p><a href=\"https:\/\/isfd80-bue.infd.edu.ar\/sitio\/inscripciones\/\" data-type=\"URL\" data-id=\"https:\/\/isfd80-bue.infd.edu.ar\/sitio\/inscripciones\/\">PREINSCRIPCI\u00d3N 2026<\/a> <\/p>\n\n\n\n<ul>\n<li><strong>Denominaci\u00f3n de la carrera<\/strong>: Profesorado de Educaci\u00f3n Secundaria en Ciencia Pol\u00edtica<\/li>\n\n\n\n<li><strong>T\u00edtulo a otorgar:&nbsp;<\/strong>Profesor\/a de Educaci\u00f3n Secundaria en Ciencia Pol\u00edtica<\/li>\n\n\n\n<li><strong>Resoluci\u00f3n N\u00b0 3604\/22<\/strong><\/li>\n\n\n\n<li><strong>Duraci\u00f3n de la carrera en a\u00f1os acad\u00e9micos:&nbsp;<\/strong>Cuatro a\u00f1os<\/li>\n\n\n\n<li><strong>Carga horaria semanal<\/strong>: de lunes a viernes 13 a 18 horas<\/li>\n\n\n\n<li><strong>Carga  horaria total de la carrera<\/strong>: 2944 horas<\/li>\n\n\n\n<li><strong>Organizaci\u00f3n del plan de estudios<\/strong><\/li>\n<\/ul>\n\n\n\n<p>El dise\u00f1o curricular est\u00e1 estructurado alrededor de tres campos:<\/p>\n\n\n\n<p><strong><em>El Campo de la Formaci\u00f3n General<\/em><\/strong> est\u00e1 dirigido a brindar marcos conceptuales e interpretativos para el an\u00e1lisis y comprensi\u00f3n de la cultura, el tiempo y contexto hist\u00f3rico, la educaci\u00f3n, la ense\u00f1anza, el aprendizaje, y la construcci\u00f3n de un posicionamiento para la<br>actuaci\u00f3n en contextos socio-culturales diferentes.<\/p>\n\n\n\n<p><strong><em>El Campo de la Formaci\u00f3n Espec\u00edfica <\/em><\/strong>aborda el estudio de la\/s disciplina\/s espec\u00edfica\/s, la did\u00e1ctica y las tecnolog\u00edas educativas particulares. Caracteriza los distintos objetos de estudio, formas de producci\u00f3n y validaci\u00f3n de conocimiento en cada disciplina, y aborda el problema de la fragmentaci\u00f3n del conocimiento, ofreciendo una formaci\u00f3n que permita a las\/os futuras\/os docentes comprometerse con el dise\u00f1o, implementaci\u00f3n y evaluaci\u00f3n de proyectos educativos multidisciplinarios, que aborden problem\u00e1ticas fundamentales en la escuela secundaria.<\/p>\n\n\n\n<p><em><strong>El Campo de la Pr\u00e1ctica Docente<\/strong> <\/em>se orienta a la construcci\u00f3n de conocimientos y saberes vinculados a las decisiones de ense\u00f1anza en las instituciones educativas y en las aulas, a partir de la participaci\u00f3n e incorporaci\u00f3n progresiva en distintos contextos socioeducativos<\/p>\n\n\n\n<ul>\n<li><strong>Plan de estudios y r\u00e9gimen de correlatividades:<\/strong> descarga<a href=\"https:\/\/drive.google.com\/file\/d\/1qRPZzBDPUnn2c1c0-o7Gzdw99x8n9YM8\/view?usp=drive_link\" data-type=\"URL\" data-id=\"https:\/\/drive.google.com\/file\/d\/1qRPZzBDPUnn2c1c0-o7Gzdw99x8n9YM8\/view?usp=drive_link\" target=\"_blank\" rel=\"noreferrer noopener\"> aqu\u00ed<\/a><\/li>\n<\/ul>\n","protected":false},"excerpt":{"rendered":"<p>PREINSCRIPCI\u00d3N 2026 El dise\u00f1o curricular est\u00e1 estructurado alrededor de tres campos: El Campo de la Formaci\u00f3n General est\u00e1 dirigido a brindar marcos conceptuales e interpretativos para el an\u00e1lisis y comprensi\u00f3n de la cultura, el tiempo y contexto hist\u00f3rico, la educaci\u00f3n, la ense\u00f1anza, el aprendizaje, y la construcci\u00f3n de un posicionamiento para laactuaci\u00f3n en contextos socio-culturales &#8230; <a title=\"Profesorado en Ciencia Pol\u00edtica\" class=\"read-more\" href=\"https:\/\/isfd80-bue.infd.edu.ar\/sitio\/profesorado-en-ciencia-politica\/\" aria-label=\"More on Profesorado en Ciencia Pol\u00edtica\">[+]<\/a><\/p>\n","protected":false},"author":122,"featured_media":0,"parent":0,"menu_order":0,"comment_status":"closed","ping_status":"closed","template":"","meta":[],"acf":[],"_links":{"self":[{"href":"https:\/\/isfd80-bue.infd.edu.ar\/sitio\/wp-json\/wp\/v2\/pages\/1631"}],"collection":[{"href":"https:\/\/isfd80-bue.infd.edu.ar\/sitio\/wp-json\/wp\/v2\/pages"}],"about":[{"href":"https:\/\/isfd80-bue.infd.edu.ar\/sitio\/wp-json\/wp\/v2\/types\/page"}],"author":[{"embeddable":true,"href":"https:\/\/isfd80-bue.infd.edu.ar\/sitio\/wp-json\/wp\/v2\/users\/122"}],"replies":[{"embeddable":true,"href":"https:\/\/isfd80-bue.infd.edu.ar\/sitio\/wp-json\/wp\/v2\/comments?post=1631"}],"version-history":[{"count":8,"href":"https:\/\/isfd80-bue.infd.edu.ar\/sitio\/wp-json\/wp\/v2\/pages\/1631\/revisions"}],"predecessor-version":[{"id":1766,"href":"https:\/\/isfd80-bue.infd.edu.ar\/sitio\/wp-json\/wp\/v2\/pages\/1631\/revisions\/1766"}],"wp:attachment":[{"href":"https:\/\/isfd80-bue.infd.edu.ar\/sitio\/wp-json\/wp\/v2\/media?parent=1631"}],"curies":[{"name":"wp","href":"https:\/\/api.w.org\/{rel}","templated":true}]}}

Profesorado en Ciencia Política

<p><a href="https://isfd80-bue.infd.edu.ar/sitio/inscripciones/" data-type="URL" data-id="https://isfd80-bue.infd.edu.ar/sitio/inscripciones/">PREINSCRIPCIÓN 2026</a> </p>



<ul>
<li><strong>Denominación de la carrera</strong>: Profesorado de Educación Secundaria en Ciencia Política</li>



<li><strong>Título a otorgar:&nbsp;</strong>Profesor/a de Educación Secundaria en Ciencia Política</li>



<li><strong>Resolución N° 3604/22</strong></li>



<li><strong>Duración de la carrera en años académicos:&nbsp;</strong>Cuatro años</li>



<li><strong>Carga horaria semanal</strong>: de lunes a viernes 13 a 18 horas</li>



<li><strong>Carga  horaria total de la carrera</strong>: 2944 horas</li>



<li><strong>Organización del plan de estudios</strong></li>
</ul>



<p>El diseño curricular está estructurado alrededor de tres campos:</p>



<p><strong><em>El Campo de la Formación General</em></strong> está dirigido a brindar marcos conceptuales e interpretativos para el análisis y comprensión de la cultura, el tiempo y contexto histórico, la educación, la enseñanza, el aprendizaje, y la construcción de un posicionamiento para la<br>actuación en contextos socio-culturales diferentes.</p>



<p><strong><em>El Campo de la Formación Específica </em></strong>aborda el estudio de la/s disciplina/s específica/s, la didáctica y las tecnologías educativas particulares. Caracteriza los distintos objetos de estudio, formas de producción y validación de conocimiento en cada disciplina, y aborda el problema de la fragmentación del conocimiento, ofreciendo una formación que permita a las/os futuras/os docentes comprometerse con el diseño, implementación y evaluación de proyectos educativos multidisciplinarios, que aborden problemáticas fundamentales en la escuela secundaria.</p>



<p><em><strong>El Campo de la Práctica Docente</strong> </em>se orienta a la construcción de conocimientos y saberes vinculados a las decisiones de enseñanza en las instituciones educativas y en las aulas, a partir de la participación e incorporación progresiva en distintos contextos socioeducativos</p>



<ul>
<li><strong>Plan de estudios y régimen de correlatividades:</strong> descarga<a href="https://drive.google.com/file/d/1qRPZzBDPUnn2c1c0-o7Gzdw99x8n9YM8/view?usp=drive_link" data-type="URL" data-id="https://drive.google.com/file/d/1qRPZzBDPUnn2c1c0-o7Gzdw99x8n9YM8/view?usp=drive_link" target="_blank" rel="noreferrer noopener"> aquí</a></li>
</ul>

<p>PREINSCRIPCIÓN 2026 El diseño curricular está estructurado alrededor de tres campos: El Campo de la Formación General está dirigido a brindar marcos conceptuales e interpretativos para el análisis y comprensión de la cultura, el tiempo y contexto histórico, la educación, la enseñanza, el aprendizaje, y la construcción de un posicionamiento para laactuación en contextos socio-culturales &#8230; <a title="Profesorado en Ciencia Política" class="read-more" href="https://isfd80-bue.infd.edu.ar/sitio/profesorado-en-ciencia-politica/" aria-label="More on Profesorado en Ciencia Política">[+]</a></p>
