{"id":726,"date":"2021-10-19T14:08:40","date_gmt":"2021-10-19T17:08:40","guid":{"rendered":"https:\/\/isfd80-bue.infd.edu.ar\/sitio\/?page_id=726"},"modified":"2026-02-19T16:03:59","modified_gmt":"2026-02-19T19:03:59","slug":"enfermero-a","status":"publish","type":"page","link":"https:\/\/isfd80-bue.infd.edu.ar\/sitio\/enfermero-a\/","title":{"rendered":"Enfermero\/a"},"content":{"rendered":"\n<p><a href=\"https:\/\/isfd80-bue.infd.edu.ar\/sitio\/inscripciones\/\" data-type=\"URL\" data-id=\"https:\/\/isfd80-bue.infd.edu.ar\/sitio\/inscripciones\/\">PREINSCRIPCI\u00d3N 2026<\/a><\/p>\n\n\n\n<ul>\n<li><strong>T\u00edtulo a otorgar: <\/strong>Enfermero\/a<\/li>\n\n\n\n<li><strong>Resoluci\u00f3n N\u00b0 854\/16<\/strong><\/li>\n\n\n\n<li><strong>Duraci\u00f3n de la carrera en a\u00f1os acad\u00e9micos: <\/strong>Tres a\u00f1os<\/li>\n\n\n\n<li><strong>Modalidad de cursada<\/strong>: Presencial<\/li>\n\n\n\n<li><strong>Carga horaria total: <\/strong>2148 horas<\/li>\n\n\n\n<li><strong>Carga horaria semanal<\/strong>: 25 horas semanales aproximadamente. Materias se cursan en turno noche. Pr\u00e1cticas Profesionalizantes se realizan en turno ma\u00f1ana y\/o tarde.<\/li>\n\n\n\n<li><strong>Turno de cursada<\/strong>: 18 a 23 horas. Las pr\u00e1cticas profesionalizantes pueden ser realizadas en el turno ma\u00f1ana o tarde.<\/li>\n\n\n\n<li><strong>Perfil profesional: <\/strong>El personal de enfermer\u00eda est\u00e1 habilitado para cuidados de enfermer\u00eda en forma aut\u00f3noma o en relaci\u00f3n de dependencia; para la promoci\u00f3n, prevenci\u00f3n y recuperaci\u00f3n de la persona, familia o comunidad hasta el nivel de cuidados intermedios. Desempe\u00f1o en el \u00e1mbito comunitario y hospitalario. Este perfil est\u00e1 formado para la Atenci\u00f3n Primaria de la Salud.<\/li>\n\n\n\n<li><strong>\u00c1rea ocupacional: <\/strong>hospitales, cl\u00ednicas, sanatorios, centros de salud, domicilios, comit\u00e9s y grupos de trabajos disciplinares y\/o interdisciplinares.<\/li>\n\n\n\n<li><strong>Plan de estudios:<\/strong> descarga <a rel=\"noreferrer noopener\" href=\"https:\/\/drive.google.com\/file\/d\/1VBqeVt_BAhs2HS_uhd6ksKFoMk4-_p5P\/view?usp=sharing\" data-type=\"URL\" data-id=\"https:\/\/drive.google.com\/file\/d\/1VBqeVt_BAhs2HS_uhd6ksKFoMk4-_p5P\/view?usp=sharing\" target=\"_blank\">aqu\u00ed<\/a><\/li>\n\n\n\n<li><strong>R\u00e9gimen de Correlatividades<\/strong>: descarga <a rel=\"noreferrer noopener\" href=\"https:\/\/drive.google.com\/file\/d\/1DZgAzf8DbWss4CzKcUFj5nctaZM0I7Bm\/view?usp=sharing\" data-type=\"URL\" data-id=\"https:\/\/drive.google.com\/file\/d\/1DZgAzf8DbWss4CzKcUFj5nctaZM0I7Bm\/view?usp=sharing\" target=\"_blank\">aqu\u00ed <\/a><\/li>\n<\/ul>\n\n\n\n<p><\/p>\n\n\n\n<div class=\"wp-block-group is-layout-flow\"><div class=\"wp-block-group__inner-container\">\n<div class=\"wp-block-columns is-layout-flex wp-container-2\">\n<div class=\"wp-block-column is-layout-flow\" style=\"flex-basis:100%\">\n<p class=\"has-text-align-center has-vivid-red-color has-text-color has-medium-font-size\"><strong>Si ya hiciste 1\u00b0 a\u00f1o en otra instituci\u00f3n y sos auxiliar de enfermer\u00eda, podes ir adelantando algunos pasos<\/strong><\/p>\n\n\n\n<ul>\n<li>&#8211; Solicita en la instituci\u00f3n donde estudiaste un \u00abcertificado anal\u00edtico de estudios incompletos\u00bb donde conste el nombre de las materias y las calificaciones finales obtenidas. Debe estar debidamente legalizado con las firmas y sellos correspondientes.<\/li>\n\n\n\n<li>&#8211; Consulta cu\u00e1l es el n\u00famero de Resoluci\u00f3n que aprueba el plan de estudios que cursaste. <\/li>\n<\/ul>\n\n\n\n<p><\/p>\n<\/div>\n<\/div>\n<\/div><\/div>\n\n\n\n<p><\/p>\n","protected":false},"excerpt":{"rendered":"<p>PREINSCRIPCI\u00d3N 2026 Si ya hiciste 1\u00b0 a\u00f1o en otra instituci\u00f3n y sos auxiliar de enfermer\u00eda, podes ir adelantando algunos pasos<\/p>\n","protected":false},"author":876,"featured_media":0,"parent":0,"menu_order":0,"comment_status":"closed","ping_status":"closed","template":"","meta":[],"acf":[],"_links":{"self":[{"href":"https:\/\/isfd80-bue.infd.edu.ar\/sitio\/wp-json\/wp\/v2\/pages\/726"}],"collection":[{"href":"https:\/\/isfd80-bue.infd.edu.ar\/sitio\/wp-json\/wp\/v2\/pages"}],"about":[{"href":"https:\/\/isfd80-bue.infd.edu.ar\/sitio\/wp-json\/wp\/v2\/types\/page"}],"author":[{"embeddable":true,"href":"https:\/\/isfd80-bue.infd.edu.ar\/sitio\/wp-json\/wp\/v2\/users\/876"}],"replies":[{"embeddable":true,"href":"https:\/\/isfd80-bue.infd.edu.ar\/sitio\/wp-json\/wp\/v2\/comments?post=726"}],"version-history":[{"count":17,"href":"https:\/\/isfd80-bue.infd.edu.ar\/sitio\/wp-json\/wp\/v2\/pages\/726\/revisions"}],"predecessor-version":[{"id":1770,"href":"https:\/\/isfd80-bue.infd.edu.ar\/sitio\/wp-json\/wp\/v2\/pages\/726\/revisions\/1770"}],"wp:attachment":[{"href":"https:\/\/isfd80-bue.infd.edu.ar\/sitio\/wp-json\/wp\/v2\/media?parent=726"}],"curies":[{"name":"wp","href":"https:\/\/api.w.org\/{rel}","templated":true}]}}

<p><a href="https://isfd80-bue.infd.edu.ar/sitio/inscripciones/" data-type="URL" data-id="https://isfd80-bue.infd.edu.ar/sitio/inscripciones/">PREINSCRIPCIÓN 2026</a></p>



<ul>
<li><strong>Título a otorgar: </strong>Enfermero/a</li>



<li><strong>Resolución N° 854/16</strong></li>



<li><strong>Duración de la carrera en años académicos: </strong>Tres años</li>



<li><strong>Modalidad de cursada</strong>: Presencial</li>



<li><strong>Carga horaria total: </strong>2148 horas</li>



<li><strong>Carga horaria semanal</strong>: 25 horas semanales aproximadamente. Materias se cursan en turno noche. Prácticas Profesionalizantes se realizan en turno mañana y/o tarde.</li>



<li><strong>Turno de cursada</strong>: 18 a 23 horas. Las prácticas profesionalizantes pueden ser realizadas en el turno mañana o tarde.</li>



<li><strong>Perfil profesional: </strong>El personal de enfermería está habilitado para cuidados de enfermería en forma autónoma o en relación de dependencia; para la promoción, prevención y recuperación de la persona, familia o comunidad hasta el nivel de cuidados intermedios. Desempeño en el ámbito comunitario y hospitalario. Este perfil está formado para la Atención Primaria de la Salud.</li>



<li><strong>Área ocupacional: </strong>hospitales, clínicas, sanatorios, centros de salud, domicilios, comités y grupos de trabajos disciplinares y/o interdisciplinares.</li>



<li><strong>Plan de estudios:</strong> descarga <a rel="noreferrer noopener" href="https://drive.google.com/file/d/1VBqeVt_BAhs2HS_uhd6ksKFoMk4-_p5P/view?usp=sharing" data-type="URL" data-id="https://drive.google.com/file/d/1VBqeVt_BAhs2HS_uhd6ksKFoMk4-_p5P/view?usp=sharing" target="_blank">aquí</a></li>



<li><strong>Régimen de Correlatividades</strong>: descarga <a rel="noreferrer noopener" href="https://drive.google.com/file/d/1DZgAzf8DbWss4CzKcUFj5nctaZM0I7Bm/view?usp=sharing" data-type="URL" data-id="https://drive.google.com/file/d/1DZgAzf8DbWss4CzKcUFj5nctaZM0I7Bm/view?usp=sharing" target="_blank">aquí </a></li>
</ul>



<p></p>



<div class="wp-block-group is-layout-flow"><div class="wp-block-group__inner-container">
<div class="wp-block-columns is-layout-flex wp-container-2">
<div class="wp-block-column is-layout-flow" style="flex-basis:100%">
<p class="has-text-align-center has-vivid-red-color has-text-color has-medium-font-size"><strong>Si ya hiciste 1° año en otra institución y sos auxiliar de enfermería, podes ir adelantando algunos pasos</strong></p>



<ul>
<li>&#8211; Solicita en la institución donde estudiaste un «certificado analítico de estudios incompletos» donde conste el nombre de las materias y las calificaciones finales obtenidas. Debe estar debidamente legalizado con las firmas y sellos correspondientes.</li>



<li>&#8211; Consulta cuál es el número de Resolución que aprueba el plan de estudios que cursaste. </li>
</ul>



<p></p>
</div>
</div>
</div></div>



<p></p>

<p>PREINSCRIPCIÓN 2026 Si ya hiciste 1° año en otra institución y sos auxiliar de enfermería, podes ir adelantando algunos pasos</p>
