{"id":767,"date":"2021-10-21T14:37:14","date_gmt":"2021-10-21T17:37:14","guid":{"rendered":"https:\/\/isfd80-bue.infd.edu.ar\/sitio\/?page_id=767"},"modified":"2024-10-18T19:21:36","modified_gmt":"2024-10-18T22:21:36","slug":"extension","status":"publish","type":"page","link":"https:\/\/isfd80-bue.infd.edu.ar\/sitio\/extension\/","title":{"rendered":"EXTENSI\u00d3N"},"content":{"rendered":"\n<p>Las tareas de extensi\u00f3n se organizan bajo el supuesto de que el Instituto debe fortalecer las relaciones con el entorno social y las instituciones de la comunidad de la que forma parte. Por ello, a trav\u00e9s de actividades y propuestas organizadas por distintas c\u00e1tedras, se promueven acciones destinadas a docentes, estudiantes y comunidad en general. El prop\u00f3sito es ofrecer experiencias enriquecedoras en donde el conocimiento que circula en el Instituto traspase el aula para ser compartido, debatido y enriquecido en espacios de encuentro plurales y abiertos.<\/p>\n\n\n\n<div class=\"wp-block-media-text alignwide is-stacked-on-mobile\" style=\"grid-template-columns:42% auto\"><figure class=\"wp-block-media-text__media\"><img decoding=\"async\" loading=\"lazy\" width=\"1080\" height=\"1080\" src=\"https:\/\/isfd80-bue.infd.edu.ar\/sitio\/wp-content\/uploads\/2022\/10\/Gimnasia-para-el-pensar-para-ninos.jpeg\" alt=\"\" class=\"wp-image-1436 size-full\" srcset=\"https:\/\/isfd80-bue.infd.edu.ar\/sitio\/wp-content\/uploads\/2022\/10\/Gimnasia-para-el-pensar-para-ninos.jpeg 1080w, https:\/\/isfd80-bue.infd.edu.ar\/sitio\/wp-content\/uploads\/2022\/10\/Gimnasia-para-el-pensar-para-ninos-1000x1000.jpeg 1000w, https:\/\/isfd80-bue.infd.edu.ar\/sitio\/wp-content\/uploads\/2022\/10\/Gimnasia-para-el-pensar-para-ninos-500x500.jpeg 500w, https:\/\/isfd80-bue.infd.edu.ar\/sitio\/wp-content\/uploads\/2022\/10\/Gimnasia-para-el-pensar-para-ninos-768x768.jpeg 768w\" sizes=\"(max-width: 1080px) 100vw, 1080px\" \/><\/figure><div class=\"wp-block-media-text__content\">\n<p class=\"has-normal-font-size\">Coordinadora: Alejandra S\u00e1nchez<\/p>\n<\/div><\/div>\n\n\n\n<p class=\"has-medium-font-size\"><strong><span class=\"has-inline-color has-vivid-red-color\">Propuesta de Extensi\u00f3n: \u00abClub de Lectura\u00bb<\/span><\/strong><\/p>\n\n\n<div class=\"wp-block-image\">\n<figure class=\"alignleft size-large is-resized\"><img decoding=\"async\" loading=\"lazy\" src=\"https:\/\/isfd80-bue.infd.edu.ar\/sitio\/wp-content\/uploads\/2022\/05\/Club-de-lectura-1.jpeg\" alt=\"\" class=\"wp-image-1383\" width=\"422\" height=\"422\" srcset=\"https:\/\/isfd80-bue.infd.edu.ar\/sitio\/wp-content\/uploads\/2022\/05\/Club-de-lectura-1.jpeg 1080w, https:\/\/isfd80-bue.infd.edu.ar\/sitio\/wp-content\/uploads\/2022\/05\/Club-de-lectura-1-1000x1000.jpeg 1000w, https:\/\/isfd80-bue.infd.edu.ar\/sitio\/wp-content\/uploads\/2022\/05\/Club-de-lectura-1-500x500.jpeg 500w, https:\/\/isfd80-bue.infd.edu.ar\/sitio\/wp-content\/uploads\/2022\/05\/Club-de-lectura-1-768x768.jpeg 768w\" sizes=\"(max-width: 422px) 100vw, 422px\" \/><\/figure><\/div>\n\n\n<p>Coordinadores: Mar\u00eda Alejandra S\u00e1nchez y Fernando Morelli<\/p>\n\n\n\n<p>Se anticipan las lecturas para concurrir al encuentro dispuestos a compartir miradas, an\u00e1lisis y disfrutar de los momentos de lectura compartida.<\/p>\n\n\n\n<p>\u00a1Es una propuesta para disfrutar!<\/p>\n\n\n\n<p>Destinada a toda la comunidad. No necesariamente debes ser alumno del Instituto. Es gratuita<\/p>\n\n\n\n<p class=\"has-text-align-center\"><em>\u00a1TE ESPERAMOS!<\/em><\/p>\n\n\n\n<p>Consultas a: <\/p>\n\n\n\n<p>fernandomorelli@abc.gob.ar     &#8211; mariaalsanchez1@abc.gob.ar<\/p>\n\n\n\n<p><\/p>\n\n\n\n<p><\/p>\n\n\n\n<p><\/p>\n\n\n\n<p class=\"has-text-align-center\"><strong><span class=\"has-inline-color has-vivid-purple-color\">CRONOGRAMA DEL CLUB DE LECTURA.        \u00a1Podes inscribirte al encuentro que m\u00e1s te interese! <img decoding=\"async\" loading=\"lazy\" height=\"16\" width=\"16\" alt=\"&#x270f;&#xfe0f;\" src=\"https:\/\/static.xx.fbcdn.net\/images\/emoji.php\/v9\/te4\/1\/16\/270f.png\"><\/span><\/strong><\/p>\n\n\n\n<p><img decoding=\"async\" loading=\"lazy\" height=\"16\" width=\"16\" alt=\"&#x1f449;\" src=\"https:\/\/static.xx.fbcdn.net\/images\/emoji.php\/v9\/t51\/1\/16\/1f449.png\"> <strong>Mayo<\/strong>: Serrano, Marcela (2020): El manto, Buenos Aires, Alfaguara: Narrativa Hisp\u00e1nica, 192 pp.<\/p>\n\n\n\n<p><img decoding=\"async\" loading=\"lazy\" height=\"16\" width=\"16\" alt=\"&#x1f449;\" src=\"https:\/\/static.xx.fbcdn.net\/images\/emoji.php\/v9\/t51\/1\/16\/1f449.png\"> <strong>Junio<\/strong>: Iparraguirre, Sylvia (2021): Antes que desaparezca, Buenos Aires, Alfaguara: Narrativa Hisp\u00e1nica, 384 pp.<\/p>\n\n\n\n<p><img decoding=\"async\" loading=\"lazy\" height=\"16\" width=\"16\" alt=\"&#x1f449;\" src=\"https:\/\/static.xx.fbcdn.net\/images\/emoji.php\/v9\/t51\/1\/16\/1f449.png\"> <strong>Agosto<\/strong>: Sacheri, Eduardo (2021): El funcionamiento general del mundo, Buenos Aires, Alfaguara: Narrativa Hisp\u00e1nica, 528 pp.<\/p>\n\n\n\n<p><img decoding=\"async\" loading=\"lazy\" height=\"16\" width=\"16\" alt=\"&#x1f449;\" src=\"https:\/\/static.xx.fbcdn.net\/images\/emoji.php\/v9\/t51\/1\/16\/1f449.png\"> <strong>Septiembre:<\/strong> Lee, Harper (2018 [1960]): Matar a un ruise\u00f1or, Barcelona, Ediciones B: Maxi, 416 pp. [Hay otras ediciones disponibles]<\/p>\n\n\n\n<p><img decoding=\"async\" loading=\"lazy\" height=\"16\" width=\"16\" alt=\"&#x1f449;\" src=\"https:\/\/static.xx.fbcdn.net\/images\/emoji.php\/v9\/t51\/1\/16\/1f449.png\"> <strong>Octubre:<\/strong> Grandes, Almudena (2014 [1996]): Modelos de mujer, Buenos Aires, Maxi Tusquets, 248 pp. [Hay otras ediciones disponibles]<\/p>\n\n\n\n<p><img decoding=\"async\" loading=\"lazy\" height=\"16\" width=\"16\" alt=\"&#x1f449;\" src=\"https:\/\/static.xx.fbcdn.net\/images\/emoji.php\/v9\/t51\/1\/16\/1f449.png\"> <strong>Noviembre<\/strong>: Gallardo, Sara (2009 [1958]): Enero, Buenos Aires, Capital Intelectual, Colecci\u00f3n Los Recobrados, 104 pp. <\/p>\n\n\n\n<p><\/p>\n\n\n\n<p class=\"has-medium-font-size\"><strong><span class=\"has-inline-color has-vivid-red-color\">Programa de Extensi\u00f3n: \u00abGimnasia para el pensar\u00bb<\/span><\/strong><\/p>\n\n\n\n<div class=\"wp-block-media-text alignwide is-stacked-on-mobile\"><figure class=\"wp-block-media-text__media\"><img decoding=\"async\" loading=\"lazy\" width=\"1024\" height=\"768\" src=\"https:\/\/isfd80-bue.infd.edu.ar\/sitio\/wp-content\/uploads\/2021\/12\/TALLER-DE-EXTENSION.jpeg\" alt=\"\" class=\"wp-image-1185 size-full\" srcset=\"https:\/\/isfd80-bue.infd.edu.ar\/sitio\/wp-content\/uploads\/2021\/12\/TALLER-DE-EXTENSION.jpeg 1024w, https:\/\/isfd80-bue.infd.edu.ar\/sitio\/wp-content\/uploads\/2021\/12\/TALLER-DE-EXTENSION-1000x750.jpeg 1000w, https:\/\/isfd80-bue.infd.edu.ar\/sitio\/wp-content\/uploads\/2021\/12\/TALLER-DE-EXTENSION-768x576.jpeg 768w\" sizes=\"(max-width: 1024px) 100vw, 1024px\" \/><\/figure><div class=\"wp-block-media-text__content\">\n<p class=\"has-text-align-center\">          Coordinadora: Mar\u00eda Alejandra S\u00e1nchez.             Profesora de Filosof\u00eda, Pedagog\u00eda y Psicolog\u00eda.<\/p>\n\n\n\n<p><\/p>\n\n\n\n<p><\/p>\n\n\n\n<p class=\"has-text-align-center\">Pueden realizar consultas para los talleres 2022 a dc452254@gmail.com<\/p>\n<\/div><\/div>\n\n\n\n<p>Los talleres de <em>gimnasia para el pensar<\/em> son parte de un programa de extensi\u00f3n del Instituto, en la que peque\u00f1os grupos  (no m\u00e1s de 10 personas ni menos de 6), se re\u00fanen mensualmente a dialogar, debatir, compartir lecturas y reflexiones a partir del cruce entre filosof\u00eda, literatura y variadas manifestaciones art\u00edsticas, como el cine. Cada encuentro tiene un eje tem\u00e1tico que invita a pensar temas de la actualidad desde miradas y lenguajes diversos y profundos, por ejemplo el deseo en la posmodernidad, dilemas \u00e9ticos que se presentan en la vida cotidiana, aspectos de g\u00e9nero, la sociedad del desencanto, la soledad, entre otros.<\/p>\n\n\n\n<p>Los talleres son gratuitos y est\u00e1n destinados a toda la comunidad en general. No hay ning\u00fan requisito previo para inscribirse y no tiene ning\u00fan tipo de acreditaci\u00f3n ni evaluaci\u00f3n. Es un espacio para disfrutar del encuentro, la lectura y el di\u00e1logo por placer. Funcionan los d\u00edas mi\u00e9rcoles y viernes a la tardecita.<\/p>\n\n\n\n<p><\/p>\n","protected":false},"excerpt":{"rendered":"<p>Las tareas de extensi\u00f3n se organizan bajo el supuesto de que el Instituto debe fortalecer las relaciones con el entorno social y las instituciones de la comunidad de la que forma parte. Por ello, a trav\u00e9s de actividades y propuestas organizadas por distintas c\u00e1tedras, se promueven acciones destinadas a docentes, estudiantes y comunidad en general. &#8230; <a title=\"EXTENSI\u00d3N\" class=\"read-more\" href=\"https:\/\/isfd80-bue.infd.edu.ar\/sitio\/extension\/\" aria-label=\"More on EXTENSI\u00d3N\">[+]<\/a><\/p>\n","protected":false},"author":876,"featured_media":0,"parent":0,"menu_order":0,"comment_status":"closed","ping_status":"closed","template":"","meta":[],"acf":[],"_links":{"self":[{"href":"https:\/\/isfd80-bue.infd.edu.ar\/sitio\/wp-json\/wp\/v2\/pages\/767"}],"collection":[{"href":"https:\/\/isfd80-bue.infd.edu.ar\/sitio\/wp-json\/wp\/v2\/pages"}],"about":[{"href":"https:\/\/isfd80-bue.infd.edu.ar\/sitio\/wp-json\/wp\/v2\/types\/page"}],"author":[{"embeddable":true,"href":"https:\/\/isfd80-bue.infd.edu.ar\/sitio\/wp-json\/wp\/v2\/users\/876"}],"replies":[{"embeddable":true,"href":"https:\/\/isfd80-bue.infd.edu.ar\/sitio\/wp-json\/wp\/v2\/comments?post=767"}],"version-history":[{"count":22,"href":"https:\/\/isfd80-bue.infd.edu.ar\/sitio\/wp-json\/wp\/v2\/pages\/767\/revisions"}],"predecessor-version":[{"id":1733,"href":"https:\/\/isfd80-bue.infd.edu.ar\/sitio\/wp-json\/wp\/v2\/pages\/767\/revisions\/1733"}],"wp:attachment":[{"href":"https:\/\/isfd80-bue.infd.edu.ar\/sitio\/wp-json\/wp\/v2\/media?parent=767"}],"curies":[{"name":"wp","href":"https:\/\/api.w.org\/{rel}","templated":true}]}}

EXTENSIÓN

<p>Las tareas de extensión se organizan bajo el supuesto de que el Instituto debe fortalecer las relaciones con el entorno social y las instituciones de la comunidad de la que forma parte. Por ello, a través de actividades y propuestas organizadas por distintas cátedras, se promueven acciones destinadas a docentes, estudiantes y comunidad en general. El propósito es ofrecer experiencias enriquecedoras en donde el conocimiento que circula en el Instituto traspase el aula para ser compartido, debatido y enriquecido en espacios de encuentro plurales y abiertos.</p>



<div class="wp-block-media-text alignwide is-stacked-on-mobile" style="grid-template-columns:42% auto"><figure class="wp-block-media-text__media"><img decoding="async" loading="lazy" width="1080" height="1080" src="https://isfd80-bue.infd.edu.ar/sitio/wp-content/uploads/2022/10/Gimnasia-para-el-pensar-para-ninos.jpeg" alt="" class="wp-image-1436 size-full" srcset="https://isfd80-bue.infd.edu.ar/sitio/wp-content/uploads/2022/10/Gimnasia-para-el-pensar-para-ninos.jpeg 1080w, https://isfd80-bue.infd.edu.ar/sitio/wp-content/uploads/2022/10/Gimnasia-para-el-pensar-para-ninos-1000x1000.jpeg 1000w, https://isfd80-bue.infd.edu.ar/sitio/wp-content/uploads/2022/10/Gimnasia-para-el-pensar-para-ninos-500x500.jpeg 500w, https://isfd80-bue.infd.edu.ar/sitio/wp-content/uploads/2022/10/Gimnasia-para-el-pensar-para-ninos-768x768.jpeg 768w" sizes="(max-width: 1080px) 100vw, 1080px" /></figure><div class="wp-block-media-text__content">
<p class="has-normal-font-size">Coordinadora: Alejandra Sánchez</p>
</div></div>



<p class="has-medium-font-size"><strong><span class="has-inline-color has-vivid-red-color">Propuesta de Extensión: «Club de Lectura»</span></strong></p>


<div class="wp-block-image">
<figure class="alignleft size-large is-resized"><img decoding="async" loading="lazy" src="https://isfd80-bue.infd.edu.ar/sitio/wp-content/uploads/2022/05/Club-de-lectura-1.jpeg" alt="" class="wp-image-1383" width="422" height="422" srcset="https://isfd80-bue.infd.edu.ar/sitio/wp-content/uploads/2022/05/Club-de-lectura-1.jpeg 1080w, https://isfd80-bue.infd.edu.ar/sitio/wp-content/uploads/2022/05/Club-de-lectura-1-1000x1000.jpeg 1000w, https://isfd80-bue.infd.edu.ar/sitio/wp-content/uploads/2022/05/Club-de-lectura-1-500x500.jpeg 500w, https://isfd80-bue.infd.edu.ar/sitio/wp-content/uploads/2022/05/Club-de-lectura-1-768x768.jpeg 768w" sizes="(max-width: 422px) 100vw, 422px" /></figure></div>


<p>Coordinadores: María Alejandra Sánchez y Fernando Morelli</p>



<p>Se anticipan las lecturas para concurrir al encuentro dispuestos a compartir miradas, análisis y disfrutar de los momentos de lectura compartida.</p>



<p>¡Es una propuesta para disfrutar!</p>



<p>Destinada a toda la comunidad. No necesariamente debes ser alumno del Instituto. Es gratuita</p>



<p class="has-text-align-center"><em>¡TE ESPERAMOS!</em></p>



<p>Consultas a: </p>



<p>fernandomorelli@abc.gob.ar     &#8211; mariaalsanchez1@abc.gob.ar</p>



<p></p>



<p></p>



<p></p>



<p class="has-text-align-center"><strong><span class="has-inline-color has-vivid-purple-color">CRONOGRAMA DEL CLUB DE LECTURA.        ¡Podes inscribirte al encuentro que más te interese! <img decoding="async" loading="lazy" height="16" width="16" alt="&#x270f;&#xfe0f;" src="https://static.xx.fbcdn.net/images/emoji.php/v9/te4/1/16/270f.png"></span></strong></p>



<p><img decoding="async" loading="lazy" height="16" width="16" alt="&#x1f449;" src="https://static.xx.fbcdn.net/images/emoji.php/v9/t51/1/16/1f449.png"> <strong>Mayo</strong>: Serrano, Marcela (2020): El manto, Buenos Aires, Alfaguara: Narrativa Hispánica, 192 pp.</p>



<p><img decoding="async" loading="lazy" height="16" width="16" alt="&#x1f449;" src="https://static.xx.fbcdn.net/images/emoji.php/v9/t51/1/16/1f449.png"> <strong>Junio</strong>: Iparraguirre, Sylvia (2021): Antes que desaparezca, Buenos Aires, Alfaguara: Narrativa Hispánica, 384 pp.</p>



<p><img decoding="async" loading="lazy" height="16" width="16" alt="&#x1f449;" src="https://static.xx.fbcdn.net/images/emoji.php/v9/t51/1/16/1f449.png"> <strong>Agosto</strong>: Sacheri, Eduardo (2021): El funcionamiento general del mundo, Buenos Aires, Alfaguara: Narrativa Hispánica, 528 pp.</p>



<p><img decoding="async" loading="lazy" height="16" width="16" alt="&#x1f449;" src="https://static.xx.fbcdn.net/images/emoji.php/v9/t51/1/16/1f449.png"> <strong>Septiembre:</strong> Lee, Harper (2018 [1960]): Matar a un ruiseñor, Barcelona, Ediciones B: Maxi, 416 pp. [Hay otras ediciones disponibles]</p>



<p><img decoding="async" loading="lazy" height="16" width="16" alt="&#x1f449;" src="https://static.xx.fbcdn.net/images/emoji.php/v9/t51/1/16/1f449.png"> <strong>Octubre:</strong> Grandes, Almudena (2014 [1996]): Modelos de mujer, Buenos Aires, Maxi Tusquets, 248 pp. [Hay otras ediciones disponibles]</p>



<p><img decoding="async" loading="lazy" height="16" width="16" alt="&#x1f449;" src="https://static.xx.fbcdn.net/images/emoji.php/v9/t51/1/16/1f449.png"> <strong>Noviembre</strong>: Gallardo, Sara (2009 [1958]): Enero, Buenos Aires, Capital Intelectual, Colección Los Recobrados, 104 pp. </p>



<p></p>



<p class="has-medium-font-size"><strong><span class="has-inline-color has-vivid-red-color">Programa de Extensión: «Gimnasia para el pensar»</span></strong></p>



<div class="wp-block-media-text alignwide is-stacked-on-mobile"><figure class="wp-block-media-text__media"><img decoding="async" loading="lazy" width="1024" height="768" src="https://isfd80-bue.infd.edu.ar/sitio/wp-content/uploads/2021/12/TALLER-DE-EXTENSION.jpeg" alt="" class="wp-image-1185 size-full" srcset="https://isfd80-bue.infd.edu.ar/sitio/wp-content/uploads/2021/12/TALLER-DE-EXTENSION.jpeg 1024w, https://isfd80-bue.infd.edu.ar/sitio/wp-content/uploads/2021/12/TALLER-DE-EXTENSION-1000x750.jpeg 1000w, https://isfd80-bue.infd.edu.ar/sitio/wp-content/uploads/2021/12/TALLER-DE-EXTENSION-768x576.jpeg 768w" sizes="(max-width: 1024px) 100vw, 1024px" /></figure><div class="wp-block-media-text__content">
<p class="has-text-align-center">          Coordinadora: María Alejandra Sánchez.             Profesora de Filosofía, Pedagogía y Psicología.</p>



<p></p>



<p></p>



<p class="has-text-align-center">Pueden realizar consultas para los talleres 2022 a dc452254@gmail.com</p>
</div></div>



<p>Los talleres de <em>gimnasia para el pensar</em> son parte de un programa de extensión del Instituto, en la que pequeños grupos  (no más de 10 personas ni menos de 6), se reúnen mensualmente a dialogar, debatir, compartir lecturas y reflexiones a partir del cruce entre filosofía, literatura y variadas manifestaciones artísticas, como el cine. Cada encuentro tiene un eje temático que invita a pensar temas de la actualidad desde miradas y lenguajes diversos y profundos, por ejemplo el deseo en la posmodernidad, dilemas éticos que se presentan en la vida cotidiana, aspectos de género, la sociedad del desencanto, la soledad, entre otros.</p>



<p>Los talleres son gratuitos y están destinados a toda la comunidad en general. No hay ningún requisito previo para inscribirse y no tiene ningún tipo de acreditación ni evaluación. Es un espacio para disfrutar del encuentro, la lectura y el diálogo por placer. Funcionan los días miércoles y viernes a la tardecita.</p>



<p></p>

<p>Las tareas de extensión se organizan bajo el supuesto de que el Instituto debe fortalecer las relaciones con el entorno social y las instituciones de la comunidad de la que forma parte. Por ello, a través de actividades y propuestas organizadas por distintas cátedras, se promueven acciones destinadas a docentes, estudiantes y comunidad en general. &#8230; <a title="EXTENSIÓN" class="read-more" href="https://isfd80-bue.infd.edu.ar/sitio/extension/" aria-label="More on EXTENSIÓN">[+]</a></p>
