{"id":870,"date":"2021-10-21T15:43:25","date_gmt":"2021-10-21T18:43:25","guid":{"rendered":"https:\/\/isfd80-bue.infd.edu.ar\/sitio\/?page_id=870"},"modified":"2021-11-23T12:04:31","modified_gmt":"2021-11-23T15:04:31","slug":"historia","status":"publish","type":"page","link":"https:\/\/isfd80-bue.infd.edu.ar\/sitio\/historia\/","title":{"rendered":"Historia"},"content":{"rendered":"\n<p>El Instituto se crea por Resoluci\u00f3n N\u00b0 3721 el 25 de junio de 1986, como anexo del ISFD N\u00b0 4 de 9 de Julio y se inaugura el d\u00eda 5 de septiembre de 1986. Fue designada como regente provisional la Profesora Mar\u00eda del Carmen Azcano, y como preceptora la Profesora Mar\u00eda Rosa Carioli.<\/p>\n\n\n\n<p>En 1987 se abri\u00f3 la inscripci\u00f3n al tronco com\u00fan con salida al Magisterio de Educaci\u00f3n Preescolar y Magisterio de Educaci\u00f3n Primaria; y el Profesorado Especializado en Educaci\u00f3n Preescolar para aquellos docentes que ya ten\u00edan el t\u00edtulo de Maestro Normal Nacional.<\/p>\n\n\n\n<p>Entre 1989 y 1995 tambi\u00e9n se abri\u00f3 el Magisterio Especializado en Retardo Mental, Trabajo Social, Asistente Educacional, Magisterio Especializado en Educaci\u00f3n de Adultos, entre otras.<\/p>\n\n\n\n<p>En la actualidad, el Instituto cuenta con una oferta de carreras docentes y tambi\u00e9n Tecnicaturas Superiores.<\/p>\n","protected":false},"excerpt":{"rendered":"<p>El Instituto se crea por Resoluci\u00f3n N\u00b0 3721 el 25 de junio de 1986, como anexo del ISFD N\u00b0 4 de 9 de Julio y se inaugura el d\u00eda 5 de septiembre de 1986. Fue designada como regente provisional la Profesora Mar\u00eda del Carmen Azcano, y como preceptora la Profesora Mar\u00eda Rosa Carioli. En 1987 &#8230; <a title=\"Historia\" class=\"read-more\" href=\"https:\/\/isfd80-bue.infd.edu.ar\/sitio\/historia\/\" aria-label=\"More on Historia\">[+]<\/a><\/p>\n","protected":false},"author":876,"featured_media":0,"parent":0,"menu_order":0,"comment_status":"closed","ping_status":"closed","template":"","meta":[],"acf":[],"_links":{"self":[{"href":"https:\/\/isfd80-bue.infd.edu.ar\/sitio\/wp-json\/wp\/v2\/pages\/870"}],"collection":[{"href":"https:\/\/isfd80-bue.infd.edu.ar\/sitio\/wp-json\/wp\/v2\/pages"}],"about":[{"href":"https:\/\/isfd80-bue.infd.edu.ar\/sitio\/wp-json\/wp\/v2\/types\/page"}],"author":[{"embeddable":true,"href":"https:\/\/isfd80-bue.infd.edu.ar\/sitio\/wp-json\/wp\/v2\/users\/876"}],"replies":[{"embeddable":true,"href":"https:\/\/isfd80-bue.infd.edu.ar\/sitio\/wp-json\/wp\/v2\/comments?post=870"}],"version-history":[{"count":3,"href":"https:\/\/isfd80-bue.infd.edu.ar\/sitio\/wp-json\/wp\/v2\/pages\/870\/revisions"}],"predecessor-version":[{"id":1133,"href":"https:\/\/isfd80-bue.infd.edu.ar\/sitio\/wp-json\/wp\/v2\/pages\/870\/revisions\/1133"}],"wp:attachment":[{"href":"https:\/\/isfd80-bue.infd.edu.ar\/sitio\/wp-json\/wp\/v2\/media?parent=870"}],"curies":[{"name":"wp","href":"https:\/\/api.w.org\/{rel}","templated":true}]}}

<p>El Instituto se crea por Resolución N° 3721 el 25 de junio de 1986, como anexo del ISFD N° 4 de 9 de Julio y se inaugura el día 5 de septiembre de 1986. Fue designada como regente provisional la Profesora María del Carmen Azcano, y como preceptora la Profesora María Rosa Carioli.</p>



<p>En 1987 se abrió la inscripción al tronco común con salida al Magisterio de Educación Preescolar y Magisterio de Educación Primaria; y el Profesorado Especializado en Educación Preescolar para aquellos docentes que ya tenían el título de Maestro Normal Nacional.</p>



<p>Entre 1989 y 1995 también se abrió el Magisterio Especializado en Retardo Mental, Trabajo Social, Asistente Educacional, Magisterio Especializado en Educación de Adultos, entre otras.</p>



<p>En la actualidad, el Instituto cuenta con una oferta de carreras docentes y también Tecnicaturas Superiores.</p>

<p>El Instituto se crea por Resolución N° 3721 el 25 de junio de 1986, como anexo del ISFD N° 4 de 9 de Julio y se inaugura el día 5 de septiembre de 1986. Fue designada como regente provisional la Profesora María del Carmen Azcano, y como preceptora la Profesora María Rosa Carioli. En 1987 &#8230; <a title="Historia" class="read-more" href="https://isfd80-bue.infd.edu.ar/sitio/historia/" aria-label="More on Historia">[+]</a></p>
